s digit of q?
7
Suppose -l + 79 = -2*o + 21, -2*o = -10. What is the units digit of l?
8
Let v(i) be the second derivative of i**4/3 - i**2/2 + 2*i. Let d be v(2). Suppose -4*c - d = -p - 58, -2*p = -c + 16. What is the units digit of c?
0
Suppose 5*r - 40 - 100 = 0. What is the units digit of r?
8
Let q = -77 - -139. Let r = q - 38. What is the tens digit of r?
2
Suppose j - 2*q - 9 = q, -3*q = 5*j - 45. Suppose h = 5*f + 3, j = 5*h + f - 6. Suppose 0 = -5*i + 5, -h*i + 5 = 2*n - 0*i. What is the units digit of n?
1
Let o be 3 - (-1)/(1/1). Suppose 0 = 3*s + 4*v + 5, -o*s - 5*v + 1 = 6. Suppose 0 = c - 2*y - s, -30 = -5*c + 2*y + 3*y. What is the units digit of c?
7
What is the units digit of -4 - (-696)/(0 + 3)?
8
Suppose l = -4*q + 15, 2 = -4*l - 2. Suppose 0 = q*t + f - 106, 2*f + 3*f = 4*t - 94. What is the tens digit of t?
2
What is the units digit of 2/3 - (-39)/9?
5
Suppose -3*b - 6 = 0, -3*b = 3*s - 4*b + 28. What is the tens digit of ((-8)/s)/(5/150)?
2
Let n(l) be the second derivative of 3*l**3/2 + 13*l**2/2 - l. What is the tens digit of n(4)?
4
Suppose 14 = w - 3*m, 3*m + 20 = -2*m. Let b = -1 + w. What is the units digit of (-2 - b)/((-6)/4)?
2
What is the tens digit of 2 - (-3 + 1 + -9)?
1
Suppose r + 3*n + 4 = 0, 0 = -4*r + 3*n + 13 + 31. What is the units digit of r?
8
Let w(j) = -14*j**2 - 2*j - 3. Let b be w(-2). Let x = b + 80. What is the tens digit of x?
2
Suppose 2*o = -2*o + 940. What is the units digit of o?
5
Let d(w) = 9 + w**3 - 3*w**2 + 2 - 8. What is the units digit of d(3)?
3
Suppose -12*b + 9*b = -330. Suppose 2*q = -3*q + b. What is the tens digit of q?
2
Let w be (-3 + 1)/(3/(-48)). Let c = 47 - w. What is the tens digit of c?
1
Suppose 3*m - 19 = -7. Suppose 3*h - 5*h = -6. Suppose -m - 2 = -h*a. What is the units digit of a?
2
Let b(j) be the first derivative of -2*j**2 + 2*j + 4. What is the tens digit of b(-3)?
1
Let k(o) = -o**2 - 8*o + 6. Let c be k(-8). Let b be (c/4 - 2)*-2. What is the units digit of b/(-4) + (-87)/(-12)?
7
Let q = 41 + -27. Suppose 0 = -n - q + 36. What is the tens digit of n?
2
Suppose 4*o = -3 + 19. Suppose -o*f + f = 0. What is the units digit of (-7 + f/(-3))/(-1)?
7
Let r = 11 - 9. Let u(k) = k**3 + 5 + 6*k**2 + 3*k**r + 6*k + 0*k**2 - 2*k**2. What is the units digit of u(-6)?
5
Let l = -3 + 3. Suppose 3*f - 27 - 9 = l. What is the tens digit of f?
1
Suppose -3*i + 178 = 5*s, 2*s - 2*i - 84 = -0*i. What is the units digit of s?
8
Let g(c) = c - 3. Let w be 5 - 6 - (-1 - 8). Let f be g(w). Suppose -z = -f - 5. What is the tens digit of z?
1
Suppose 36 + 12 = -4*y. Let n be ((-18)/10)/(y/40). Suppose -o = -n*o + 20. What is the units digit of o?
4
Let m(n) = 3*n + 2. Let i be m(-2). Let v = -19 - i. Let j = v + 21. What is the units digit of j?
6
Let y be (-10)/(-4)*6/5. Suppose -y*i + 3 = -9. What is the units digit of i?
4
Let s(m) = -59*m - 13. What is the units digit of s(-1)?
6
Suppose -3*m - d - 3 = -4, -1 = 3*m + 2*d. Suppose m + 6 = g. What is the units digit of g?
7
Let j(w) = -5 + 5 + w**2. Let l be j(0). Suppose -u - 50 = -5*n - l*u, 2*u = n - 10. What is the tens digit of n?
1
What is the tens digit of 137/2 - 3/6?
6
Let m = 8 - 6. Let j be 76 + 0 - (-1 - m). Suppose -4*p + j - 15 = 0. What is the tens digit of p?
1
Suppose 5*p - 48 = p. Suppose p = c + 2*c. What is the units digit of c?
4
Let a(f) = 7*f + 7. What is the units digit of a(3)?
8
What is the units digit of -2 + -140*(2 - 3)?
8
Suppose -2*h + 7 + 35 = 0. Suppose -4*l - 8 = 5*c - 57, 3*l - h = -2*c. What is the units digit of c?
9
Let c = -307 + 495. What is the tens digit of c?
8
Let r(o) = o**2 + 14*o - 13. Let v(d) = 5*d**2 + 57*d - 51. Let g(m) = 9*r(m) - 2*v(m). What is the units digit of g(10)?
5
Let f(u) = u**2 - u + 6. Let c be f(5). Suppose k - 3*k - 4*y = -c, -5*k + y = -21. Suppose -k*q + 37 = -18. What is the tens digit of q?
1
Suppose -2094 = -13*x + 2222. What is the units digit of x?
2
Let h = -23 - -25. Let t(x) be the second derivative of -x**5/20 + 5*x**4/12 - x**3/3 - x**2/2 + x. What is the units digit of t(h)?
7
Suppose 0 = 4*n - n + 60. What is the units digit of n/(-25) + 161/5?
3
Let r(c) = -c**2 + 7*c - 6. What is the units digit of r(4)?
6
Suppose 345 = 2*r + 3*q, -2*q + 22 = 4*r - 648. What is the tens digit of r?
6
Let w(n) = -2*n - 3. Suppose -4*l = 9 + 11. What is the units digit of w(l)?
7
Suppose 4*h - 165 = -5. What is the tens digit of h?
4
Let z = -4 + 36. Let q = z - 11. What is the tens digit of q?
2
Let q(b) = b**3 + 9*b**2 + 8*b + 4. Let r be q(-8). Suppose -12 - 13 = -t - 3*w, -2*t = r*w - 52. What is the units digit of t?
8
Let n be -5*(-4)/10 - 0. Suppose -z + n*c + 8 = -5, 2*z - 71 = -5*c. What is the units digit of z?
3
What is the tens digit of ((-4)/(-24)*-4)/((-6)/747)?
8
Suppose 5*r - 15 = -5*i, -4*r = -3*i - 1 + 10. Suppose -2*v = -v + 5*s + 11, s = 2*v. Let a = v + i. What is the units digit of a?
2
Let l(d) = d**2 - 6. Let h(n) = n**3 - n**2 + n. Let o be h(2). What is the tens digit of l(o)?
3
Suppose w = 298 - 53. What is the hundreds digit of w?
2
Let u = 50 + 16. What is the tens digit of u?
6
Suppose -w = 5*o - 18, -23 = -4*w - 2*o - 5. Let k(q) = -7*q + 2 - q**3 + 0*q**3 + w - 4*q**2 + 5*q. What is the tens digit of k(-4)?
1
Let i(w) = -w**3 - 13*w**2 + 12*w - 18. Let j be i(-14). Let o(p) = -p**2 + 12*p + 1. What is the units digit of o(j)?
1
Let l = -61 + 93. What is the tens digit of l?
3
Suppose l - 4 = -0. Let d be (-5)/((-10)/l) - -25. Suppose i - 43 = -4*h - 4, i = 2*h - d. What is the tens digit of h?
1
Let n(i) = 0*i**2 - 9 - 9*i + 6*i**2 + 2 + i**3. Let c(v) = -2*v**3 + 2*v**2 + 2*v - 3. Let k be c(2). What is the units digit of n(k)?
7
Suppose -3*s + 14 = -13. What is the units digit of s?
9
Let p = 182 - 93. What is the units digit of p?
9
Suppose 2*c - 8 = 5*r, 0 = c - 5*r + 4*r - 4. Suppose 3*i + 50 = c*i. What is the tens digit of i?
5
Suppose 29*v - 32*v = -108. What is the tens digit of v?
3
Let q(r) = r**2 + 8*r + 12. Let n be q(-9). Let y be 53/4 + (-3)/12. Let u = n - y. What is the units digit of u?
8
Suppose -4*f + 159 + 5 = 0. What is the units digit of f?
1
Let q = -10 + 10. Let y be (5 - 4)/(1 + q). What is the units digit of (-2 + 4/y)*1?
2
Let b(i) = -i**2 + 5*i + 1. Let h be b(4). Let u = h - -2. What is the units digit of u?
7
Suppose -82 = -5*p + 128. What is the tens digit of p?
4
Let m(v) = -8*v. Let l be m(-1). Suppose 2*g - l = -2*g. What is the units digit of g?
2
Let a = 7 + -4. Let k = 36 - 34. Suppose a*u + 17 = h, k*h - h + 7 = -5*u. What is the units digit of h?
8
Let u(w) = -w**3 + 6*w**2 + 5*w - 6. Let d be u(6). Let x = d + -17. Suppose 5*j = 3*k + 22, 0 = -2*k - x - 1. What is the units digit of j?
2
Let a(c) = c**3 + 15*c**2 + 10*c + 1. What is the units digit of a(-14)?
7
Let w = 164 - 122. What is the tens digit of w?
4
Let d(r) = r + 8. Let m be d(-11). What is the tens digit of -3 - 124/(-1 + m)?
2
Suppose -7*h + 160 = -2*h. What is the tens digit of h?
3
What is the tens digit of 4/(-18) + 5*19672/360?
7
What is the units digit of ((-6)/9)/(6/(-1008))?
2
Let z(b) = 10*b - 2. Let a be -6*3/((-27)/3). What is the units digit of z(a)?
8
Let a be (-9 - -7)/(2/(-38)). Let h = a + -17. What is the tens digit of h?
2
Let v(j) = j**3 - 8*j**2 - 3*j + 2. What is the units digit of v(9)?
6
Suppose 5*t = 6*t - 273. What is the hundreds digit of t?
2
Suppose -g = 4*g - 140. What is the tens digit of g?
2
Let y = 59 - -87. What is the tens digit of y?
4
Suppose -4 + 13 = 3*l + 3*u, -5*u = -15. Let f(n) = n + 1. What is the units digit of f(l)?
1
Suppose 0 = n + n + 28. What is the units digit of 22/77 - 276/n?
0
Suppose -3*d - 5*h + 38 = -74, -2*d - h + 63 = 0. What is the tens digit of d?
2
Let o = -8 - -26. What is the tens digit of o?
1
Suppose 0 = -2*v + 3*f - 12, v - 8 = -2*f - 0*f. Suppose v = -5*i - 5 + 15. What is the units digit of i?
2
Let q = 286 - 161. Suppose -f = 5*j - q, 0*j + 3*f = 4*j - 100. Suppose -5*k = h - 107, 3*k + j = 4*k - h. What is the tens digit of k?
2
Let u = -13 - -7. Let s(m) = m**2 + 5*m + 2. Let i be s(u). Suppose i = 3*j - 10. What is the units digit of j?
6
Let b(s) = s**3 + 13*s**2 + 12*s - 7. What is the hundreds digit of b(-11)?
1
Let a(i) = i**3 - i**2 + 4. Let s be a(0